{"id":578,"date":"2024-04-08T15:36:09","date_gmt":"2024-04-08T15:36:09","guid":{"rendered":"https:\/\/faust-peters.de\/?page_id=578"},"modified":"2024-11-08T16:57:45","modified_gmt":"2024-11-08T16:57:45","slug":"termine-2024","status":"publish","type":"page","link":"https:\/\/faust-peters.de\/?page_id=578","title":{"rendered":"Termine 2024"},"content":{"rendered":"<p><span style=\"font-family: georgia, palatino, serif; color: #ff6600; font-size: 14pt;\">Januar<\/span><br \/>\n<span style=\"font-family: georgia, palatino, serif; font-size: 14pt;\">Sonntag, 21.1.2024, 18.00 Uhr, theas Theater Bergisch Gladbach, Jacobstr. 103<br \/>\nDie Innenseite des Gl\u00fccks<br \/>\nSzenisches H\u00f6rspiel von Heinz D. Haun<br \/>\nMusik: Holger Faust-Peters, Cello<br \/>\n<\/span><\/p>\n<p><span style=\"font-family: georgia, palatino, serif; font-size: 14pt;\">Montag, 29.1.2024, 13 Uhr, theas Theater Bergisch Gladbach, Jacobstr. 103<\/span><br \/>\n<span style=\"font-family: georgia, palatino, serif; font-size: 14pt;\">Die Innenseite des Gl\u00fccks<\/span><br \/>\n<span style=\"font-family: georgia, palatino, serif; font-size: 14pt;\">Szenisches H\u00f6rspiel von Heinz D. Haun<\/span><br \/>\n<span style=\"font-family: georgia, palatino, serif; font-size: 14pt;\">Schulvorstellung<\/span><br \/>\n<span style=\"font-family: georgia, palatino, serif; font-size: 14pt;\">Musik: Holger Faust-Peters, Cello<\/span><\/p>\n<p><span style=\"font-family: georgia, palatino, serif; font-size: 14pt;\"><span style=\"color: #ff6600;\">Februar<br \/>\n<span style=\"color: #000000;\">Montag, 5.2.2024, 10.00 und 12.00 Uhr im Bertha von Suttner-Gymnasium Oberhausen<\/span><br \/>\n<span style=\"color: #000000;\">Der K\u00f6nig bittet zum Tanz &#8211; Musiktheater<\/span><br \/>\n<span style=\"color: #000000;\">Schulvorstellungen<\/span><br \/>\n<span style=\"color: #000000;\">Mareike Greb, Tanz und Schauspiel,<\/span><br \/>\n<span style=\"color: #800080;\">20 Jahre <em>focus baroque<\/em>: Holger Faust-Peters, Viola da gamba und Ir\u00e9n Lill, Cembalo<\/span><br \/>\n<\/span><\/span><\/p>\n<p><span style=\"font-family: georgia, palatino, serif; font-size: 14pt; color: #ff6600;\">M\u00e4rz<br \/>\n<span style=\"color: #000000;\">Sonntag, 3.3.2024 um 18 Uhr, Erl\u00f6serkirche, Friedrichstra\u00dfe 10, 48145 M\u00fcnster <\/span><br \/>\n<span style=\"color: #000000;\">Bach und P\u00e4rt<\/span><br \/>\n<span style=\"color: #000000;\">2 Sonaten f\u00fcr Viola da gamba und obligates Cembalo des Gro\u00dfmeisters Johann Sebastian Bach werden den Werken Fratres und Spiegel im Spiegel f\u00fcr Cello und Fl\u00fcgel von Arvo P\u00e4rt gegen\u00fcbergestellt.<\/span><br \/>\n<span style=\"color: #800080;\"><em>20 Jahre focus baroque<\/em>:<\/span><br \/>\n<span style=\"color: #800080;\">Holger Faust-Peters: Gambe und Cello, Ir\u00e9n Lill, Cembalo und Klavier<\/span><br \/>\n<\/span><\/p>\n<p><span style=\"font-family: georgia, palatino, serif; font-size: 14pt; color: #ff6600;\">April<br \/>\n<span style=\"color: #000000;\">Samstag,13.4.2024 um 18 Uhr, Kunsthalle LohmART in 53797 Lohmar, Scheiderh\u00f6her Str. 42b<\/span><br \/>\n<span style=\"color: #000000;\">Die Innenseite des Gl\u00fccks<\/span><br \/>\n<span style=\"color: #000000;\">Szenisches H\u00f6rspiel von Heinz D. Haun<\/span><br \/>\n<span style=\"color: #000000;\">Musik: Holger Faust-Peters, Cello<\/span><br \/>\n<\/span><\/p>\n<p><span style=\"font-family: georgia, palatino, serif; font-size: 14pt;\">Sonntag,28.4.2024 um 18 Uhr in der ev. Kirche Delling, 51515 K\u00fcrten-Delling<\/span><br \/>\n<span style=\"font-family: georgia, palatino, serif; font-size: 14pt;\">Ralph Knapp und Ute Glaser treten in den Dialog zum Thema Harmonie.<\/span><br \/>\n<span style=\"font-family: georgia, palatino, serif; font-size: 14pt;\">Musik von Marais, Abel, Hindemith, Gerstner, Bach,<br \/>\ngespielt von Holger Faust-Peters, <\/span><span style=\"font-family: georgia, palatino, serif; font-size: 14pt;\">Cello und Gambe<\/span><\/p>\n<p><span style=\"font-family: georgia, palatino, serif; color: #ff6600; font-size: 14pt;\">Juni<br \/>\n<span style=\"color: #000000;\">Donnerstag, 13.6.2024 um 9.00 Uhr und um 11.00 Uhr<\/span><br \/>\n<span style=\"color: #000000;\">Musikschule Leipzig &#8222;J.S.Bach&#8220;, Petersstr.43<\/span><br \/>\n<span style=\"color: #000000;\">Der K\u00f6nig bittet zum Tanz &#8211; Musiktheater<\/span><br \/>\n<span style=\"color: #000000;\">Mareike Greb, Tanz und Schauspiel,<\/span><br \/>\n<span style=\"color: #800080;\">20 Jahre <em>focus baroque<\/em>: Holger Faust-Peters, Viola da gamba und Ir\u00e9n Lill, Cembalo<\/span><br \/>\n<a href=\"https:\/\/www.bachfestleipzig.de\/de\/bachfest\/no-96-der-k-nig-bittet-zum-tanz\">mehr<\/a><br \/>\n<\/span><\/p>\n<p><span style=\"font-family: georgia, palatino, serif; font-size: 14pt; color: #ff6600;\">August<\/span><br \/>\n<span style=\"font-family: georgia, palatino, serif; font-size: 14pt;\">Mittwoch, 14.8.2024 20 Uhr, Kloster Springiersbach<\/span><br \/>\n<span style=\"font-family: georgia, palatino, serif; font-size: 14pt;\">Er\u00f6ffnungskonzert des Sommerkurses. Lucia Mense, Blockfl\u00f6te &#8211; Holger Faust-Peters, Viola da gamba &#8211; Alexander Puliaev, Cambalo. Werke von\u00a0 Cazzati, Buxtehude, Erlebach, Telemann u.a.<\/span><\/p>\n<p><span style=\"font-family: georgia, palatino, serif; font-size: 14pt;\">Samstag, 31.8.2024 um 19.30, evang. Vers\u00f6hnungskirche K\u00f6ln Holweide<br \/>\nAvec Privilege du Roy<br \/>\nWerke von Marais, Rameau, Caix d&#8217;Hervelois, Heudelinne, Forqueray<br \/>\n<span style=\"color: #800080;\"><em>20 Jahre focus baroque<\/em><\/span>: <span style=\"color: #800080;\">Holger Faust-Peters, Viola da gamba und Ir\u00e9n Lill, Cembalo<\/span><br \/>\nhttps:\/\/evangelisch-in-koeln-dellbrueck-holweide.de\/termin\/avec-privilege-du-roy-versoehnungskirche\/<\/span><\/p>\n<p><span style=\"font-family: georgia, palatino, serif; font-size: 14pt; color: #ff6600;\">September<br \/>\n<span style=\"color: #000000;\">Freitag, 13.9.2024, 21.30 Uhr, Schloss Ringenberg, Hamminkeln<br \/>\nBach &#8211; P\u00e4rt<br \/>\n2 Gambensonaten von J.S. Bach sowie Fratres und Spiegel im Spiegel von P\u00e4rt<br \/>\n<span style=\"color: #800080;\"><em>20 Jahre focus baroque<\/em>: Holger Faust-Peters, Viola da gamba und Cello, Ir\u00e9n Lill, Cembalo und Klavier<br \/>\n<span style=\"color: #000000;\">https:\/\/www.meinschlossringenberg.de\/events\/<\/span><\/span><\/span><\/span><\/p>\n<p><span style=\"font-family: georgia, palatino, serif; font-size: 14pt;\">Samstag, 21.9.2024 19.30 Uhr, Christuskirche K\u00f6ln Dellbr\u00fcck<\/span><br \/>\n<span style=\"font-family: georgia, palatino, serif; font-size: 14pt;\">Die Innenseite des Gl\u00fccks<\/span><br \/>\n<span style=\"font-family: georgia, palatino, serif; font-size: 14pt;\">Szenisches H\u00f6rspiel von Heinz D. Haun<\/span><br \/>\n<span style=\"font-family: georgia, palatino, serif; font-size: 14pt;\">Musik: Holger Faust-Peters, Cello<\/span><\/p>\n<p><span style=\"font-family: georgia, palatino, serif; font-size: 14pt; color: #ff6600;\">Oktober<\/span><br \/>\n<span style=\"font-family: georgia, palatino, serif; font-size: 14pt;\">Donnerstag, 3.10.2024, 19.30 St. Pankratius, 51519 Odenthal<br \/>\nEr\u00f6ffnungskonzert des 23. Altenberger Herbstkurses f\u00fcr Alte Musik<br \/>\nKatrin Krau\u00df-Brandi (Blockfl\u00f6te), Holger Faust-Peteras (Viola da gamba) und Andr\u00e9 Henrich (Laute)<br \/>\nKammermusik aus England<\/span><\/p>\n<p><span style=\"font-family: georgia, palatino, serif; font-size: 14pt;\">Sonntag, 27.10.2024, 15 Uhr, Schloss Ringenberg, Hamminkeln<\/span><br \/>\n<span style=\"font-family: georgia, palatino, serif; font-size: 14pt;\">Der K\u00f6nig bittet zum Tanz &#8211; Musiktheater<\/span><br \/>\n<span style=\"font-family: georgia, palatino, serif; font-size: 14pt;\">Mareike Greb, Tanz und Schauspiel,<\/span><br \/>\n<span style=\"color: #800080; font-family: georgia, palatino, serif; font-size: 14pt;\">20 Jahre focus baroque: Holger Faust-Peters, Viola da gamba und Ir\u00e9n Lill, Cembalo<br \/>\n<span style=\"color: #000000;\">https:\/\/www.meinschlossringenberg.de\/events\/<\/span><\/span><\/p>\n<p><span style=\"color: #ff6600; font-family: georgia, palatino, serif; font-size: 14pt;\">November<br \/>\n<span style=\"color: #000000;\">Samstag, 9.11.2024<\/span>, <span style=\"color: #000000;\">19 Uhr, Kirche &#8222;Heilige drei K\u00f6nige&#8220;, Bergisch Gladbach<\/span><br \/>\n<span style=\"color: #000000;\">Gedenkkonzert zur Pogromnacht<\/span><br \/>\n<span style=\"color: #000000;\">Werke von Bruch, Ravel, Bloch,Halphen<\/span><br \/>\n<span style=\"color: #000000;\">Holger Faust-Peters, Violoncello und Helmut Voss, Orgel<\/span><br \/>\n<\/span><\/p>\n<p><span style=\"font-family: georgia, palatino, serif; font-size: 14pt;\">Freitag, 22.11.2024, 20 Uhr, Villa Zanders, Bergisch Gladbach<\/span><br \/>\n<span style=\"font-family: georgia, palatino, serif; font-size: 14pt;\">Bach &#8211; P\u00e4rt<\/span><br \/>\n<span style=\"font-family: georgia, palatino, serif; font-size: 14pt;\">2 Gambensonaten von J.S. Bach sowie Fratres und Spiegel im Spiegel von P\u00e4rt<\/span><br \/>\n<span style=\"color: #800080; font-family: georgia, palatino, serif; font-size: 14pt;\">20 Jahre focus baroque: Holger Faust-Peters, Viola da gamba und Cello, Ir\u00e9n Lill, Cembalo und Klavier<\/span><\/p>\n<p><span style=\"color: #ff6600; font-family: georgia, palatino, serif; font-size: 14pt;\"><span style=\"color: #000000;\">Sonntag, 24.11.2024 um 18 Uhr, theas Theater Bergisch Gladbach, Jacobstr. 103<\/span><br \/>\n<span style=\"color: #000000;\">Die Innenseite des Gl\u00fccks<\/span><br \/>\n<span style=\"color: #000000;\">Szenisches H\u00f6rspiel von Heinz D. Haun<\/span><br \/>\n<span style=\"color: #000000;\">Musik: Holger Faust-Peters, Cello<\/span><br \/>\n<\/span><\/p>\n<p><span style=\"font-family: georgia, palatino, serif; font-size: 14pt; color: #ff6600;\">Dezember<\/span><br \/>\nSamstag, 7.12.2024, 15 Uhr, theas-Theater Bergisch Gladbach<br \/>\nDes Kaisers neue Kleider<br \/>\nErz\u00e4hlkonzert &#8211; M\u00e4rchen und Musik<br \/>\nVeronika H\u00f6fele: M\u00e4rchenerz\u00e4hlerin, Ute Faust und Holger Faust-Peters: mittelalterliche Musik<\/p>\n<p>Mittwoch, 11.12.2024, 20 Uhr, Herz-Jesu-Kirche Schildgen<br \/>\nVorweihnachtliches Konzert mit <strong>Fortuna Canta<\/strong><br \/>\nund dem Gemischten Chor Schlebusch<br \/>\nTeil 1: Weihnachtliche Musik aus dem Mittelalter.<br \/>\nStefanie Brijoux: Sopran, Ute Faust: Blockfl\u00f6te und Fidel, Holger Faust-Peters: Fidel und Organetto.<br \/>\nTeil 2: weihnachtliche Musik traditionell und modern mit dem gemischten Chor Schlebusch<br \/>\nKonzert zur Ausstellung \u00fcber die Geburtskirche in Bethlehem.<br \/>\n<a href=\"https:\/\/www.dropbox.com\/scl\/fi\/x0nqb5eiui922b4arkp2i\/SPS-BGL-BJ_Bethlehem-Ausstellung_Programmheft_Ansicht.pdf?rlkey=wxyu86lcofpbt031fdhe86435&amp;e=1&amp;st=68th4u86&amp;dl=0\">Gesamtprogramm:<\/a><\/p>\n<p>&nbsp;<\/p>\n<p>&nbsp;<\/p>\n","protected":false},"excerpt":{"rendered":"<p>Januar Sonntag, 21.1.2024, 18.00 Uhr, theas Theater Bergisch Gladbach, Jacobstr. 103 Die Innenseite des Gl\u00fccks Szenisches H\u00f6rspiel von Heinz D. Haun Musik: Holger Faust-Peters, Cello Montag, 29.1.2024, 13 Uhr, theas Theater Bergisch Gladbach, Jacobstr. 103 Die Innenseite des Gl\u00fccks Szenisches H\u00f6rspiel von Heinz D. Haun Schulvorstellung Musik: Holger Faust-Peters, Cello Februar Montag, 5.2.2024, 10.00 und &hellip; <a href=\"https:\/\/faust-peters.de\/?page_id=578\" class=\"more-link\"><span class=\"screen-reader-text\">Termine 2024<\/span> weiterlesen<\/a><\/p>\n","protected":false},"author":1,"featured_media":0,"parent":0,"menu_order":0,"comment_status":"closed","ping_status":"closed","template":"","meta":[],"_links":{"self":[{"href":"https:\/\/faust-peters.de\/index.php?rest_route=\/wp\/v2\/pages\/578"}],"collection":[{"href":"https:\/\/faust-peters.de\/index.php?rest_route=\/wp\/v2\/pages"}],"about":[{"href":"https:\/\/faust-peters.de\/index.php?rest_route=\/wp\/v2\/types\/page"}],"author":[{"embeddable":true,"href":"https:\/\/faust-peters.de\/index.php?rest_route=\/wp\/v2\/users\/1"}],"replies":[{"embeddable":true,"href":"https:\/\/faust-peters.de\/index.php?rest_route=%2Fwp%2Fv2%2Fcomments&post=578"}],"version-history":[{"count":11,"href":"https:\/\/faust-peters.de\/index.php?rest_route=\/wp\/v2\/pages\/578\/revisions"}],"predecessor-version":[{"id":594,"href":"https:\/\/faust-peters.de\/index.php?rest_route=\/wp\/v2\/pages\/578\/revisions\/594"}],"wp:attachment":[{"href":"https:\/\/faust-peters.de\/index.php?rest_route=%2Fwp%2Fv2%2Fmedia&parent=578"}],"curies":[{"name":"wp","href":"https:\/\/api.w.org\/{rel}","templated":true}]}}