{"id":48,"date":"2017-10-29T12:34:10","date_gmt":"2017-10-29T12:34:10","guid":{"rendered":"http:\/\/faust-peters.de\/?page_id=48"},"modified":"2025-04-16T11:43:29","modified_gmt":"2025-04-16T11:43:29","slug":"videos","status":"publish","type":"page","link":"https:\/\/faust-peters.de\/?page_id=48","title":{"rendered":"Videos"},"content":{"rendered":"<p><span style=\"font-family: georgia, palatino, serif; font-size: 18pt;\"><strong><img decoding=\"async\" loading=\"lazy\" class=\"alignnone size-medium wp-image-374\" src=\"https:\/\/faust-peters.de\/wp-content\/uploads\/2018\/01\/P1080440X-300x228.jpg\" alt=\"\" width=\"300\" height=\"228\" srcset=\"https:\/\/faust-peters.de\/wp-content\/uploads\/2018\/01\/P1080440X-300x228.jpg 300w, https:\/\/faust-peters.de\/wp-content\/uploads\/2018\/01\/P1080440X-768x584.jpg 768w, https:\/\/faust-peters.de\/wp-content\/uploads\/2018\/01\/P1080440X-1024x779.jpg 1024w\" sizes=\"(max-width: 300px) 100vw, 300px\" \/><\/strong><\/span><\/p>\n<p>&nbsp;<\/p>\n<p><span style=\"font-size: 18pt; color: #ff6600;\"><em><span style=\"font-family: georgia, palatino, serif;\"><strong>focus baroque<br \/>\n<\/strong><\/span><\/em><\/span><span style=\"font-size: 14pt;\"><em><strong><span style=\"font-family: georgia, palatino, serif;\"> Holger Faust-Peters, Viola da gamba &#8211; Ir\u00e9n Lill, Cembalo<\/span><\/strong><\/em><\/span><\/p>\n<p><a href=\"https:\/\/youtu.be\/FSi-s4wJzKE\"><span style=\"color: #993366;\"><strong><span style=\"font-family: georgia, palatino, serif; font-size: 14pt;\">Spiegel im Spiegel von Arvo P\u00e4rt<\/span><\/strong><\/span><\/a><br \/>\n<span style=\"font-family: georgia, palatino, serif; font-size: 12pt;\">Live-Mitschnitt vom 11.3.2022, K\u00f6ln<\/span><br \/>\n<span style=\"font-family: georgia, palatino, serif; font-size: 12pt;\">Holger Faust-Peters, Cello und Ir\u00e9n Lill, Cembalo<\/span><\/p>\n<p><span style=\"font-size: 14pt;\"><strong><span style=\"font-family: georgia, palatino, serif;\"><span style=\"color: #993366;\">Franz\u00f6sische Musik f\u00fcr Diskantgambe:<\/span><br \/>\n<\/span><\/strong><\/span><span style=\"font-size: 12pt;\"><a href=\"https:\/\/youtu.be\/x-JEBsBZZB0\"><span style=\"font-family: georgia, palatino, serif;\"><strong><em>Louis Heudelinne livre premier : Pr\u00e9lude<br \/>\n<\/em><\/strong><\/span><\/a><\/span><span style=\"font-family: georgia, palatino, serif; font-size: 12pt;\">aus: Trois Suites de pieces a deux violles&#8230;1701 Suite la majeur<br \/>\n<\/span><span style=\"font-family: georgia, palatino, serif; font-size: 10pt;\">Konzertmitschnitt aus dem Antoniussaal, Maxkirche D\u00fcsseldorf 2012<br \/>\n<\/span><span style=\"font-family: georgia, palatino, serif; font-size: 12pt;\"><strong><em><a href=\"https:\/\/youtu.be\/5rOEUXc9RkM\">Louis Heudelinne livre premier : Chaconne <\/a><br \/>\n<\/em><\/strong><\/span><span style=\"font-family: georgia, palatino, serif; font-size: 12pt;\">aus: Trois Suites de pieces a deux violles&#8230;1701 Suite la majeur<br \/>\n<\/span><span style=\"font-family: georgia, palatino, serif; font-size: 10pt;\">Konzertmitschnitt aus dem Antoniussaal, Maxkirche D\u00fcsseldorf 2012<br \/>\n<\/span><span style=\"font-family: georgia, palatino, serif; font-size: 12pt;\"><strong><em><a href=\"https:\/\/youtu.be\/PEH86d10HM8\">Louis Heudelinne: Courante &#8211; Double livre premier<\/a><br \/>\n<\/em><\/strong><\/span><span style=\"font-family: georgia, palatino, serif; font-size: 12pt;\">aus: Trois Suites de pieces a deux violles&#8230;1701 Suite la majeur<br \/>\n<\/span><span style=\"font-family: georgia, palatino, serif; font-size: 10pt;\">Konzertmitschnitt aus dem Antoniussaal, Maxkirche D\u00fcsseldorf 2012<br \/>\n<\/span><span style=\"font-family: georgia, palatino, serif; font-size: 14pt;\"><strong><span style=\"color: #993366;\">Franz\u00f6sische Musik f\u00fcr Bassgambe:<\/span><br \/>\n<\/strong><\/span><span style=\"font-size: 12pt;\"><a href=\"https:\/\/youtu.be\/13VN7pk5TDg\"><span style=\"font-family: georgia, palatino, serif;\"><strong><em>Marin Marais (1656 &#8211; 1728): Prelude<br \/>\n<\/em><\/strong><\/span><\/a><\/span><span style=\"font-family: georgia, palatino, serif; font-size: 12pt;\">aus: 5e livre de pieces de Viole 1725 Suite sol majeur<br \/>\n<\/span><span style=\"font-family: georgia, palatino, serif; font-size: 10pt;\">Aufgenommen im ZAMUS (Zentrum f\u00fcr Alte Musik K\u00f6ln), 20. April 2012<br \/>\n<\/span><span style=\"font-size: 12pt;\"><a href=\"https:\/\/www.youtube.com\/watch?v=e6WYYpZ2wrQ\"><span style=\"font-family: georgia, palatino, serif;\"><strong><em>Marin Marais (1656 &#8211; 1728): Saillie du jardin<\/em><\/strong><\/span><\/a><span style=\"font-family: georgia, palatino, serif;\"><strong><em><br \/>\n<\/em><\/strong><\/span><\/span><span style=\"font-family: georgia, palatino, serif; font-size: 12pt;\">aus: 5e livre de pieces de Viole 1725 Suite sol majeur<br \/>\n<\/span><span style=\"font-family: georgia, palatino, serif; font-size: 10pt;\">Aufgenommen im ZAMUS (Zentrum f\u00fcr Alte Musik K\u00f6ln), 20. April 2012<br \/>\n<\/span><span style=\"font-size: 12pt;\"><a href=\"https:\/\/youtu.be\/NjguUA5jMqo\"><span style=\"font-family: georgia, palatino, serif;\"><strong><em>Louis de Caix d\u00b4Hervelois ca. 1660\/70 &#8211; 1760): Pr\u00e9lude<br \/>\n<\/em><\/strong><\/span><\/a><\/span><span style=\"font-family: georgia, palatino, serif; font-size: 12pt;\">aus: Troisi\u00e9me \u0152vre contenant quatre suites de pieces pour la viole avec la Ba\u00dfe chifr\u00e9e, 1728 Suite en la mineur<br \/>\n<\/span><span style=\"font-family: georgia, palatino, serif; font-size: 10pt;\">Konzertmitschnitt aus dem Antoniussaal, Maxkirche D\u00fcsseldorf 2012<br \/>\n<\/span><span style=\"font-size: 12pt;\"><a href=\"https:\/\/youtu.be\/zAYqZ8bsxSw\"><span style=\"font-family: georgia, palatino, serif;\"><strong><em>Louis de Caix d\u00b4Hervelois ca. 1660\/70 &#8211; 1760): Gigue<br \/>\n<\/em><\/strong><\/span><\/a><\/span><span style=\"font-family: georgia, palatino, serif; font-size: 12pt;\">aus: Troisi\u00e9me \u0152uvre contenant quatre suites de pieces pour la viole avec la Ba\u00dfe chifr\u00e9e, 1728 Suite en la mineur :<br \/>\n<\/span><span style=\"font-family: georgia, palatino, serif; font-size: 10pt;\">Konzertmitschnitt aus dem Antoniussaal, Maxkirche D\u00fcsseldorf 2012<br \/>\n<\/span><span style=\"font-family: georgia, palatino, serif; font-size: 12pt;\"><strong><em><a href=\"https:\/\/youtu.be\/dE47sVLetUQ\">Louis de Caix d\u00b4Hervelois (ca. 1660\/70 &#8211; 1760): La Sache<\/a><br \/>\n<\/em><\/strong><\/span><span style=\"font-family: georgia, palatino, serif; font-size: 12pt;\">aus: Troisi\u00e9me \u0152vre contenant quatre suites de pieces pour la viole avec la Ba\u00dfe chifr\u00e9e, 1728 Suite en la mineur<br \/>\n<\/span><span style=\"font-family: georgia, palatino, serif; font-size: 10pt;\">Konzertmitschnitt aus dem Antoniussaal, Maxkirche D\u00fcsseldorf 2012<\/span><\/p>\n<p><span style=\"color: #ff6600;\"><em><span style=\"font-family: georgia, palatino, serif; font-size: 18pt;\"><strong>focus baroque mit Mareike Greb, Tanz<\/strong><\/span><span style=\"font-family: georgia, palatino, serif; font-size: 12pt;\"><strong><br \/>\n<\/strong><\/span><\/em><\/span><span style=\"font-size: 12pt;\"><a href=\"https:\/\/youtu.be\/9zaClIMwWvA\"><span style=\"font-family: georgia, palatino, serif;\"><strong><em>Der K\u00f6nig bittet zum Tanz &#8211; Geschichten vom Hof des Sonnenk\u00f6nigs<br \/>\n<\/em><\/strong><\/span><\/a><\/span><span style=\"font-family: georgia, palatino, serif; font-size: 12pt;\">Alles dreht sich in diesem Konzert um das Leben beim ber\u00fchmtesten franz\u00f6sischen K\u00f6nig Louis XIV, auch Sonnenk\u00f6nig genannt, der schon als 4-j\u00e4hriger Junge den Thron erbte! Wie lebte man damals in einem der prachtvollsten K\u00f6nigsh\u00f6fe Europas? Wer durfte dabei sein, wenn seine Majest\u00e4t morgens angekleidet wurde? Wer musste ihm beim Speisen zusehen? Wie stand es um des K\u00f6nigs Tanzk\u00fcnste? Welche heimlichen W\u00fcnsche hatten die Adligen, die in seinem Schloss wohnten? Wie war es, wenn man damals operiert werden musste, und warum geriet ein Matrose schon mal ins Wanken? Auf diese und andere Fragen wird es Antworten in Musik, Sprache, T\u00e4nzen und Bildern geben.<br \/>\n<\/span><em><span style=\"font-family: georgia, palatino, serif; font-size: 12pt;\">Mareike Greb, Tanz<br \/>\n<\/span><span style=\"font-family: georgia, palatino, serif; font-size: 12pt;\">focus baroque: Holger Faust-Peters, Viola da gamba, Ir\u00e9n Lill, Cembalo<\/span><\/em><\/p>\n<p><span style=\"font-family: georgia, palatino, serif;\"><em><strong><span style=\"font-size: 18pt; color: #ff6600;\">Fortuna Canta:<\/span><br \/>\n<\/strong><strong>Stefanie Brijoux (Sopran), Katrin Krau\u00df (Blockfl\u00f6te),<br \/>\nUte Faust (Fidel), Holger Faust-Peters (Fidel)<\/strong><\/em><\/span><\/p>\n<p><span style=\"font-family: georgia, palatino, serif;\"><strong>I<\/strong><strong>talienisches Trecento weltlich:<br \/>\n<\/strong><strong><em><a href=\"https:\/\/youtu.be\/rA8wgE15P3Y\">Francesco Landini (ca. 1335 &#8211; 1397): Questa fanciulla<\/a><br \/>\n<\/em><\/strong>Konzertmitschnitt vom 13. 5. 2012 in der Wendelinskapelle, Weil der Stadt<a href=\"https:\/\/youtu.be\/rA8wgE15P3Y\"><br \/>\n<\/a><a href=\"https:\/\/www.youtube.com\/watch?v=Gn-Abjb1egg\"><strong><em>Francesco Landini (ca. 1335 &#8211; 1397): Amor c\u00b4al tuo suggetto<\/em><\/strong><\/a><\/span><br \/>\n<span style=\"font-family: georgia, palatino, serif;\">Live Konzertmitschnitt vom 17.7.2011 in der Maxkirche D\u00fcsseldorf<\/span><br \/>\n<span style=\"font-family: georgia, palatino, serif;\"><strong>Burgundische Chanson:<\/strong><strong><em><a href=\"https:\/\/www.youtube.com\/watch?v=ypqyyw64jvg\"><br \/>\nGilles Binchois (ca. 1400 &#8211; 1460): Amoureux suy<\/a><\/em><\/strong><\/span><br \/>\n<span style=\"font-family: georgia, palatino, serif;\">Konzertmitschnitt vom 12. 5. 2012 in Kloster Irsee<\/span><br \/>\n<span style=\"font-family: georgia, palatino, serif;\"><a href=\"https:\/\/www.youtube.com\/watch?v=skVB62dChI4\"><strong><em>J\u00b4ay pris amour in 2 Fassungen : Anonymus (Ende 15. Jhdt) und Johannes Martini (ca. 1440 &#8212; ca. 1497)<\/em><\/strong><\/a><\/span><br \/>\n<span style=\"font-family: georgia, palatino, serif;\">Konzertmitschnitt vom 12. 5. 2012 in Kloster Irsee<\/span><br \/>\n<span style=\"font-family: georgia, palatino, serif;\"><strong>Geistliche Werke des Sp\u00e4tmittelalters:<br \/>\n<\/strong><a href=\"https:\/\/www.youtube.com\/watch?v=iTrpRWaw2CI\"><strong><em>Anonymus: Kyrie Humano Generi <\/em><\/strong><\/a><\/span><br \/>\n<span style=\"font-family: georgia, palatino, serif;\">Live-Mitschnitt vom 7.1.2012 in der Krypta der Kreuzkirche, Bonn<\/span><br \/>\n<span style=\"font-family: georgia, palatino, serif;\"><a href=\"https:\/\/www.youtube.com\/watch?v=M2hmaw7gacw\"><strong><em>Johannes Ciconia (um 1370 &#8212; 1412): O felix templum jubila <\/em><\/strong><\/a><\/span><br \/>\n<span style=\"font-family: georgia, palatino, serif;\">Live Konzertmitschnitt vom 17.7.2011 in der Maxkirche D\u00fcsseldorf<\/span><\/p>\n<p><span style=\"font-family: georgia, palatino, serif; font-size: 18pt; color: #ff6600;\"><em><strong>pellegrino<br \/>\n<\/strong><\/em><\/span><em><strong>Ute Faust, Sofia Diniz, Holger Faust-Peters:<\/strong><\/em><br \/>\n<em><strong>Renaissancegamben, gebaut von Michael Pilger, K\u00f6ln<\/strong><\/em><\/p>\n<p><span style=\"font-size: 12pt;\"><a href=\"https:\/\/youtu.be\/eTqaNFVMxOU\"><span style=\"font-family: georgia, palatino, serif;\"><strong><em>Heinrich Isaac (1450 &#8211; 1517) Fortuna Desperata<br \/>\n<\/em><\/strong><\/span><\/a><\/span><span style=\"font-family: georgia, palatino, serif; font-size: 10pt;\">Live-Mitschnitt K\u00f6lner Musiknacht am 19.9.2015<br \/>\n<\/span><span style=\"font-size: 12pt;\"><a href=\"https:\/\/youtu.be\/eM_s4d1qRwA\"><span style=\"font-family: georgia, palatino, serif;\"><strong><em>N\u00e3o tragais borzeguis pretos aus: Can\u00e7\u00f5es, Vilancicos e Motetes Portugueses<br \/>\n<\/em><\/strong><\/span><\/a><\/span><span style=\"font-family: georgia, palatino, serif; font-size: 10pt;\">Live-Mitschnitt K\u00f6lner Musiknacht am 19.9.2015<br \/>\n<\/span><span style=\"font-size: 12pt;\"><a href=\"https:\/\/youtu.be\/91Rs1btXCmo\"><span style=\"font-family: georgia, palatino, serif;\"><strong><em>Na fomte est\u00e1 lianor aus: Can\u00e7\u00f5es, Vilancicos e Motetes Portugueses<br \/>\n<\/em><\/strong><\/span><\/a><\/span><span style=\"font-family: georgia, palatino, serif; font-size: 10pt;\">Live-Mitschnitt K\u00f6lner Musiknacht am 19.9.2015<\/span><\/p>\n<p><span style=\"font-size: 18pt;\"><em><span style=\"font-family: georgia, palatino, serif; color: #ff6600;\"><strong>Sonstige<\/strong><\/span><\/em><\/span><\/p>\n<p><span style=\"font-family: georgia, palatino, serif; font-size: 12pt;\"><strong><em>Holger Faust-Peters, Violoncello, <\/em>spielt<br \/>\n<\/strong><strong><a href=\"https:\/\/www.youtube.com\/watch?v=UlEgHGUz2nI\">John Cage, 4&#8217;33&#8220;<\/a><br \/>\n<\/strong><span style=\"font-size: 10pt;\">Aufnahme vom 26.April 2020<\/span><\/span><\/p>\n<p><span style=\"font-size: 12pt;\"><em><strong><span style=\"font-family: georgia, palatino, serif;\">Holger Faust-Peters, Violoncello, Viola da gamba und Monochord spielt<\/span><\/strong><\/em><\/span><br \/>\n<span style=\"font-family: georgia, palatino, serif; font-size: 12pt;\"><a href=\"https:\/\/www.youtube.com\/watch?v=tPbgExYOinM\"><strong>Mauricio Kagel, General Bass<\/strong><\/a><\/span><br \/>\n<span style=\"font-family: georgia, palatino, serif; font-size: 10pt;\">Aufnahme vom 20.06.2021 im Partout Kunstkabinett Bergisch Gladbach-Herkenrath<\/span><\/p>\n<p><span style=\"font-family: georgia, palatino, serif; font-size: 12pt;\"><strong><em><a href=\"https:\/\/youtu.be\/eb5_1k3mRdg\">Johann Sebastian Bach, Komm, s\u00fc\u00dfes Kreuz<\/a> &#8211; Arie f\u00fcr Bass, Viola da gamba und Continuo<\/em><\/strong><br \/>\nFrederik Baldus, Bass &#8211; <\/span><span style=\"font-family: georgia, palatino, serif; font-size: 12pt;\">Holger Faust-Peters, Viola da gamba &#8211; <\/span><span style=\"font-family: georgia, palatino, serif; font-size: 12pt;\">Marta Dotkus, Orgel<\/span><\/p>\n<p><span style=\"font-family: georgia, palatino, serif; font-size: 12pt;\"><strong><em><a href=\"https:\/\/youtu.be\/OtwFhl9zNYA\">W.A.Mozart, Eine kleine Nachtmusik, 4. Satz Rondo<\/a><br \/>\n<\/em><\/strong><\/span><span style=\"font-family: georgia, palatino, serif; font-size: 12pt;\">Die Saitent\u00e4nzer, Orchester der St\u00e4dtischen Max-Bruch-Musikschule Bergisch Gladbach Leitung: Holger Faust-Peters, <span style=\"font-size: 10pt;\">aufgenommen im Haus der Musik, Bergisch Gladbach 2016<\/span><\/span><\/p>\n<p><span style=\"font-family: georgia, palatino, serif; font-size: 12pt;\"><strong><em><a href=\"https:\/\/youtu.be\/3Hb-AponOGU\">W.A.Mozart, Eine kleine Nachtmusik, 2. Satz Andante<\/a><br \/>\n<\/em><\/strong><\/span><span style=\"font-family: georgia, palatino, serif; font-size: 12pt;\">Die Saitent\u00e4nzer, Orchester der St\u00e4dtischen Max-Bruch-Musikschule Bergisch Gladbach Leitung: Holger Faust-Peters, <span style=\"font-size: 10pt;\">aufgenommen im Haus der Musik, Bergisch Gladbach 2016<\/span><\/span><\/p>\n","protected":false},"excerpt":{"rendered":"<p>&nbsp; focus baroque Holger Faust-Peters, Viola da gamba &#8211; Ir\u00e9n Lill, Cembalo Spiegel im Spiegel von Arvo P\u00e4rt Live-Mitschnitt vom 11.3.2022, K\u00f6ln Holger Faust-Peters, Cello und Ir\u00e9n Lill, Cembalo Franz\u00f6sische Musik f\u00fcr Diskantgambe: Louis Heudelinne livre premier : Pr\u00e9lude aus: Trois Suites de pieces a deux violles&#8230;1701 Suite la majeur Konzertmitschnitt aus dem Antoniussaal, Maxkirche &hellip; <a href=\"https:\/\/faust-peters.de\/?page_id=48\" class=\"more-link\"><span class=\"screen-reader-text\">Videos<\/span> weiterlesen<\/a><\/p>\n","protected":false},"author":1,"featured_media":0,"parent":0,"menu_order":0,"comment_status":"closed","ping_status":"closed","template":"","meta":[],"_links":{"self":[{"href":"https:\/\/faust-peters.de\/index.php?rest_route=\/wp\/v2\/pages\/48"}],"collection":[{"href":"https:\/\/faust-peters.de\/index.php?rest_route=\/wp\/v2\/pages"}],"about":[{"href":"https:\/\/faust-peters.de\/index.php?rest_route=\/wp\/v2\/types\/page"}],"author":[{"embeddable":true,"href":"https:\/\/faust-peters.de\/index.php?rest_route=\/wp\/v2\/users\/1"}],"replies":[{"embeddable":true,"href":"https:\/\/faust-peters.de\/index.php?rest_route=%2Fwp%2Fv2%2Fcomments&post=48"}],"version-history":[{"count":19,"href":"https:\/\/faust-peters.de\/index.php?rest_route=\/wp\/v2\/pages\/48\/revisions"}],"predecessor-version":[{"id":604,"href":"https:\/\/faust-peters.de\/index.php?rest_route=\/wp\/v2\/pages\/48\/revisions\/604"}],"wp:attachment":[{"href":"https:\/\/faust-peters.de\/index.php?rest_route=%2Fwp%2Fv2%2Fmedia&parent=48"}],"curies":[{"name":"wp","href":"https:\/\/api.w.org\/{rel}","templated":true}]}}