{"id":370,"date":"2018-01-05T16:30:08","date_gmt":"2018-01-05T16:30:08","guid":{"rendered":"http:\/\/faust-peters.de\/?page_id=370"},"modified":"2018-01-06T16:06:54","modified_gmt":"2018-01-06T16:06:54","slug":"cello","status":"publish","type":"page","link":"https:\/\/faust-peters.de\/?page_id=370","title":{"rendered":"Cello"},"content":{"rendered":"<p><span style=\"font-family: georgia, palatino, serif; font-size: 12pt;\">\u00a0<\/span><\/p>\n<p><span style=\"font-family: georgia, palatino, serif; font-size: 12pt;\"><img decoding=\"async\" loading=\"lazy\" class=\"alignnone size-medium wp-image-266\" src=\"https:\/\/faust-peters.de\/wp-content\/uploads\/2017\/11\/Cello-Detail-225x300.jpg\" alt=\"\" width=\"225\" height=\"300\" srcset=\"https:\/\/faust-peters.de\/wp-content\/uploads\/2017\/11\/Cello-Detail-225x300.jpg 225w, https:\/\/faust-peters.de\/wp-content\/uploads\/2017\/11\/Cello-Detail-768x1024.jpg 768w\" sizes=\"(max-width: 225px) 100vw, 225px\" \/><\/span><\/p>\n<p><span style=\"font-family: georgia, palatino, serif; font-size: 12pt;\">von Thiery \u00e0 Paris, Mitte 19. Jahrhundert<\/span><\/p>\n<p><span style=\"font-family: georgia, palatino, serif; font-size: 12pt;\">M\u00f6glicherweise das einzige erhaltene Cello des franz\u00f6sischen Geigenbauers Thiery. Mit seiner sehr flachen Decke str\u00e4ubt sich dieses Instrument gegen eine Modernisierung mit Stahlsaiten &#8211; es klingt auch mit seiner urspr\u00fcnglichen Darmbesaitung viel w\u00e4rmer und sch\u00f6ner als mit Hightech Turbosaiten. Lange Zeit fast nur zum Unterrichten ausgepackt freunde ich mich momentan neu mit diesem Cello an, sei es im Orchester &#8222;Ensemble 07&#8220;, solistisch mit Klavier oder auch als &#8222;D\u00fcrscheider Hofkapelle&#8220;, die den Kinderchor &#8222;Die Kirchbergspatzen&#8220; bei ihren Auftritten begleitet.<\/span><\/p>\n","protected":false},"excerpt":{"rendered":"<p>\u00a0 von Thiery \u00e0 Paris, Mitte 19. Jahrhundert M\u00f6glicherweise das einzige erhaltene Cello des franz\u00f6sischen Geigenbauers Thiery. Mit seiner sehr flachen Decke str\u00e4ubt sich dieses Instrument gegen eine Modernisierung mit Stahlsaiten &#8211; es klingt auch mit seiner urspr\u00fcnglichen Darmbesaitung viel w\u00e4rmer und sch\u00f6ner als mit Hightech Turbosaiten. Lange Zeit fast nur zum Unterrichten ausgepackt freunde &hellip; <a href=\"https:\/\/faust-peters.de\/?page_id=370\" class=\"more-link\"><span class=\"screen-reader-text\">Cello<\/span> weiterlesen<\/a><\/p>\n","protected":false},"author":1,"featured_media":0,"parent":0,"menu_order":0,"comment_status":"closed","ping_status":"closed","template":"","meta":[],"_links":{"self":[{"href":"https:\/\/faust-peters.de\/index.php?rest_route=\/wp\/v2\/pages\/370"}],"collection":[{"href":"https:\/\/faust-peters.de\/index.php?rest_route=\/wp\/v2\/pages"}],"about":[{"href":"https:\/\/faust-peters.de\/index.php?rest_route=\/wp\/v2\/types\/page"}],"author":[{"embeddable":true,"href":"https:\/\/faust-peters.de\/index.php?rest_route=\/wp\/v2\/users\/1"}],"replies":[{"embeddable":true,"href":"https:\/\/faust-peters.de\/index.php?rest_route=%2Fwp%2Fv2%2Fcomments&post=370"}],"version-history":[{"count":3,"href":"https:\/\/faust-peters.de\/index.php?rest_route=\/wp\/v2\/pages\/370\/revisions"}],"predecessor-version":[{"id":442,"href":"https:\/\/faust-peters.de\/index.php?rest_route=\/wp\/v2\/pages\/370\/revisions\/442"}],"wp:attachment":[{"href":"https:\/\/faust-peters.de\/index.php?rest_route=%2Fwp%2Fv2%2Fmedia&parent=370"}],"curies":[{"name":"wp","href":"https:\/\/api.w.org\/{rel}","templated":true}]}}