{"id":246,"date":"2017-11-22T16:19:05","date_gmt":"2017-11-22T16:19:05","guid":{"rendered":"http:\/\/faust-peters.de\/?page_id=246"},"modified":"2017-11-22T16:21:01","modified_gmt":"2017-11-22T16:21:01","slug":"avec-privilege-du-roy","status":"publish","type":"page","link":"https:\/\/faust-peters.de\/?page_id=246","title":{"rendered":"Avec Privilege du roy"},"content":{"rendered":"<p><span style=\"font-family: georgia,palatino,serif; font-size: 12pt;\">Marin Marais (1656-1728)<\/span><br \/>\n<span style=\"font-family: georgia,palatino,serif; font-size: 12pt;\"> Pieces de Viole, 5e livre, 1725<\/span><br \/>\n<span style=\"font-family: georgia,palatino,serif; font-size: 12pt;\"> 1 Prelude<\/span><br \/>\n<span style=\"font-family: georgia,palatino,serif; font-size: 12pt;\"> 2 l\u00b4Allemande Poisat 2.49<\/span><br \/>\n<span style=\"font-family: georgia,palatino,serif; font-size: 12pt;\"> 3 Sarabande<\/span><br \/>\n<span style=\"font-family: georgia,palatino,serif; font-size: 12pt;\"> 4 Le petit badinage<\/span><br \/>\n<span style=\"font-family: georgia,palatino,serif; font-size: 12pt;\"> 5 Gigue la pointilleuse<\/span><br \/>\n<span style=\"font-family: georgia,palatino,serif; font-size: 12pt;\"> 6 Saillie du Jardin<\/span><br \/>\n<span style=\"font-family: georgia,palatino,serif; font-size: 12pt;\"> 7 Le Jeu du Volant<\/span><br \/>\n<span style=\"font-family: georgia,palatino,serif; font-size: 12pt;\"> 8 Chaconne<\/span><\/p>\n<p><span style=\"font-family: georgia,palatino,serif; font-size: 12pt;\">Louis Heudelinne (Lebensdaten unbekannt)<\/span><br \/>\n<span style=\"font-family: georgia,palatino,serif; font-size: 12pt;\"> Trois Suites de pieces a deux violles &#8230;, livre premier, 1701<\/span><br \/>\n<span style=\"font-family: georgia,palatino,serif; font-size: 12pt;\"> Seconde Suite pour le dessus de violle en la majeur<\/span><br \/>\n<span style=\"font-family: georgia,palatino,serif; font-size: 12pt;\"> 9 Prelude<\/span><br \/>\n<span style=\"font-family: georgia,palatino,serif; font-size: 12pt;\"> 10 Allemande<\/span><br \/>\n<span style=\"font-family: georgia,palatino,serif; font-size: 12pt;\"> 11 Courante, Double de la Courante<\/span><br \/>\n<span style=\"font-family: georgia,palatino,serif; font-size: 12pt;\"> 12 Sarabande<\/span><br \/>\n<span style=\"font-family: georgia,palatino,serif; font-size: 12pt;\"> 13 Gigue<\/span><br \/>\n<span style=\"font-family: georgia,palatino,serif; font-size: 12pt;\"> 14 Gavotte, Double de la Gavotte<\/span><br \/>\n<span style=\"font-family: georgia,palatino,serif; font-size: 12pt;\"> 15 Rigaudon, Second Rigaudon, Troisi\u00e8me Rigaudon<\/span><br \/>\n<span style=\"font-family: georgia,palatino,serif; font-size: 12pt;\"> 16 Sonate en Chaconne<\/span><\/p>\n<p><span style=\"font-family: georgia,palatino,serif; font-size: 12pt;\">Fran\u00e7ois Couperin (1668-1733)<\/span><br \/>\n<span style=\"font-family: georgia,palatino,serif; font-size: 12pt;\"> L\u00b4Art de Toucher le Clavecin, 1716<\/span><br \/>\n<span style=\"font-family: georgia,palatino,serif; font-size: 12pt;\"> 17 Cinqui\u00e8me Pr\u00e9lude pour Clavecin en la majeur<\/span><\/p>\n<p><span style=\"font-family: georgia,palatino,serif; font-size: 12pt;\">Fran\u00e7ois Couperin (1668-1733)<\/span><br \/>\n<span style=\"font-family: georgia,palatino,serif; font-size: 12pt;\"> Pieces de Violes avec la basse chifr\u00e9e par MR F.C., 1728<\/span><br \/>\n<span style=\"font-family: georgia,palatino,serif; font-size: 12pt;\"> 2eme Suite en la majeur<\/span><br \/>\n<span style=\"font-family: georgia,palatino,serif; font-size: 12pt;\"> 18 Prelude<\/span><br \/>\n<span style=\"font-family: georgia,palatino,serif; font-size: 12pt;\"> 19 Fuguette<\/span><br \/>\n<span style=\"font-family: georgia,palatino,serif; font-size: 12pt;\"> 20 Pompe fun\u00e9bre<\/span><br \/>\n<span style=\"font-family: georgia,palatino,serif; font-size: 12pt;\"> 21 La Chemise Blanche<\/span><\/p>\n<p><span style=\"font-family: georgia,palatino,serif; font-size: 12pt;\">Jean-Philippe Rameau (1683-1764)<\/span><br \/>\n<span style=\"font-family: georgia,palatino,serif; font-size: 12pt;\"> Nouvelles Suites de Pi\u00e8ces de Clavecin, 1726\/27<\/span><br \/>\n<span style=\"font-family: georgia,palatino,serif; font-size: 12pt;\"> 22 Gavotte avec les Doubles pour Clavecin en la mineur<\/span><\/p>\n<p><span style=\"font-family: georgia,palatino,serif; font-size: 12pt;\">Louis de Caix d\u00b4Hervelois (1660\/70-ca. 1760)<\/span><br \/>\n<span style=\"font-family: georgia,palatino,serif; font-size: 12pt;\"> Troisi\u00e9me OEvre contenant quatre suites de pieces<\/span><br \/>\n<span style=\"font-family: georgia,palatino,serif; font-size: 12pt;\"> pour la viole avec la Ba\u00dfe chifr\u00e9e, 1728<\/span><br \/>\n<span style=\"font-family: georgia,palatino,serif; font-size: 12pt;\"> Troisi\u00e8me Suite en la mineur<\/span><br \/>\n<span style=\"font-family: georgia,palatino,serif; font-size: 12pt;\"> 23 Pr\u00e9lude<\/span><br \/>\n<span style=\"font-family: georgia,palatino,serif; font-size: 12pt;\"> 24 Allemande<\/span><br \/>\n<span style=\"font-family: georgia,palatino,serif; font-size: 12pt;\"> 25 Les Vendengeuses de Monguichet<\/span><br \/>\n<span style=\"font-family: georgia,palatino,serif; font-size: 12pt;\"> 26 La Sache \/ Vivement<\/span><br \/>\n<span style=\"font-family: georgia,palatino,serif; font-size: 12pt;\"> 27 Gigue<\/span><br \/>\n<span style=\"font-family: georgia,palatino,serif; font-size: 12pt;\"> 28 La Badine<\/span><br \/>\n<span style=\"font-family: georgia,palatino,serif; font-size: 12pt;\"> 29 Musette<\/span><br \/>\n<span style=\"font-family: georgia,palatino,serif; font-size: 12pt;\"> 30 La Michel<\/span><\/p>\n<p>&nbsp;<\/p>\n<p><span style=\"font-family: georgia,palatino,serif; font-size: 12pt;\">Focus Baroque:<\/span><br \/>\n<span style=\"font-family: georgia,palatino,serif; font-size: 12pt;\"> Holger Faust-Peters, Viola da gamba<\/span><br \/>\n<span style=\"font-family: georgia,palatino,serif; font-size: 12pt;\"> Ir\u00e9n Lill, Cembalo<\/span><\/p>\n<p><span style=\"font-family: georgia,palatino,serif; font-size: 12pt;\">Bassgambe von Christian Brose, 1998 nach Barak Norman (1698)<\/span><br \/>\n<span style=\"font-family: georgia,palatino,serif; font-size: 12pt;\"> Diskantgambe von Michael Pilger, 2006 nach Henry Jaye (1676)<\/span><br \/>\n<span style=\"font-family: georgia,palatino,serif; font-size: 12pt;\"> Cembalo von Samuli Siponmaa, 2006 nach Jean-Henry Hemsch (1761)<\/span><\/p>\n<p>&nbsp;<\/p>\n<p><span style=\"font-family: georgia,palatino,serif; font-size: 12pt;\">Franz\u00f6sische Musik f\u00fcr Viola da gamba und Cembalo \u2013 edel, grazi\u00f6s, intim, h\u00f6fisch. Eine Musik f\u00fcr Wenige, f\u00fcr eine Elite in einem totalit\u00e4ren System. Die kulturelle Bl\u00fcte, die sich unter dem Sonnenk\u00f6nig Louis XIV in Versailles entwickeln konnte, wirkte auch \u00fcber dessen Grenzen hinaus nach Paris und Frankreich.<\/span><br \/>\n<span style=\"font-family: georgia,palatino,serif; font-size: 12pt;\"> Louis XIV, in jungen Jahren selber begnadeter T\u00e4nzer, hatte verschiedene Musikensembles zu seiner st\u00e4ndigen Verf\u00fcgung und strenge Regularien legten fest, wann sie im Tagesablauf zu spielen hatten. Eingeteilt waren sie in die Bereiche <em>Musique de la chambre<\/em>, zust\u00e4ndig f\u00fcr die weltliche Kammermusik und bestehend aus S\u00e4ngern, Fl\u00f6tisten, Geigern und Continuo- Instrumenten sowie den ber\u00fchmten <em>24 violons du roy<\/em>, in die <em>Musique de la Grande Ecurie<\/em> f\u00fcr die offiziellen Zeremonien, ausgestattet mit mehreren Ensembles lauter Instrumente wie Trompeten, Trommeln, Oboen, Dudels\u00e4cke u.a. sowie die <em>Musique de la Chapelle Royal<\/em> f\u00fcr die kirchliche Musik mit unz\u00e4hligen S\u00e4ngern sowie umfangreichem Orchester und geleitet von 4 <em>Sous-Ma\u00eeres<\/em>.<\/span><br \/>\n<span style=\"font-family: georgia,palatino,serif; font-size: 12pt;\"> Der Musikbetrieb, streng hierarchisch organisiert, war sowohl zu Repr\u00e4sentationszwecken, als auch f\u00fcr das pers\u00f6nliche Amusement des K\u00f6nigs ausgesprochen wichtig. Bereits vor dem Fr\u00fchst\u00fcck, das um 10 Uhr stattfand, pflegte Louis eine Stunde lang Musik zu h\u00f6ren, vorgetragen meist von Robert de Vis\u00e9eauf der Gitarre. Und so wundert es nicht, dass selbst f\u00fcr einzelne Instrumente Musiker mit k\u00f6niglichen Titeln versehen wurden. Marais durfte sich seit 1679 <em>Ordinaire de la chambre du Roy pour la Viole<\/em> nennen, wie er gerne auf den Titelbl\u00e4ttern seiner 5 B\u00e4nde mit <em>Pieces de Viole<\/em> erw\u00e4hnt. Und Fran\u00e7ois Couperin, der Tastenvirtuose, trug den Titel <em>Organiste de la Chapelle du Roy; ordinaire de la Musique de sa Chambre<\/em>.<\/span><br \/>\n<span style=\"font-family: georgia,palatino,serif; font-size: 12pt;\"> Die strenge Form der Suite mit ihren Tanzs\u00e4tzen, die sich w\u00e4hrend Louis\u00b4 Herrschaft etabliert hatte, galt auch noch Jahrzehnte nach dessen aktiver Tanzzeit als die Form franz\u00f6sischer Kammermusik &#8211; unterschieden von der Form der Sonate, die aus Italien nach Europa dr\u00e4ngte, jedoch in Versailles verp\u00f6nt war. Die Kerns\u00e4tze der Suite bildeten Allemande &#8211; Courante &#8211; Sarabande und Gigue, oftmals von einem Pr\u00e9lude eingeleitet. Diese S\u00e4tze finden wir in den Gambensuiten z.B. der Altmeister Hotman, Du Buisson und Demachy. Erweitert wird diese Satzfolge zunehmend durch weitere Tanzs\u00e4tze wie Gavotte, Menuet u.a. Mehr und mehr streben die Komponisten dar\u00fcber hinaus nach freieren Kompositionsformen und bedienen sich hier der Charakterst\u00fccke, der <em>pieces de caract\u00e8res<\/em>, wie sie genannt werden. Vorreiter auf diesem Gebiet ist der ber\u00fchmte Sr. de Ste Colombe, der in seinen <em>Concerts \u00e0 deux Violes Esgales<\/em> bereits Ende des 17. Jahrhunderts eine Vielzahl programmatischer St\u00fccke komponiert hatte. Beliebte freiere S\u00e4tze waren zun\u00e4chst Rondeau, Chaconne, Caprice, Tombeau u.a., sp\u00e4ter dann zunehmend auch programmatisch benannte S\u00e4tze wie <em>Le petit badinage <\/em>\/ die kleine T\u00e4ndelei von Marais, <em>Pompe fun\u00e9bre<\/em> \/ Beerdigungszeremonie oder <em>La Chemise Blanche<\/em> \/ Das wei\u00dfe Hemd von Couperin.<\/span><br \/>\n<span style=\"font-family: georgia,palatino,serif; font-size: 12pt;\"> Politisch folgten nach dem Tod des K\u00f6nigs Louis XIV im Jahr 1715 zun\u00e4chst 8 Jahre der <em>Regence<\/em>, der \u00dcbergangsregierung von Philipp II von Orl\u00e9ans, der selbst \u00fcbrigens Gambenspieler und Sch\u00fcler Forquerays war. 1723 konnte der Urenkel des alten K\u00f6nigs und rechtm\u00e4\u00dfige Thronfolger Louis XV die Regierungsgesch\u00e4fte \u00fcbernehmen, nachdem er mit 13 Jahren gem\u00e4\u00df der f\u00fcr K\u00f6nige geltenden Regelung vollj\u00e4hrig geworden war. In dieser Zeit wurden verschiedene Bereiche des Lebens liberalisiert, so auch die K\u00fcnste. Insbesondere wurde die strikte Ablehnung aller ausl\u00e4ndischen Einfl\u00fcsse aufgegeben: In den 1725 erstmals erlaubten \u00f6ffentlichen Konzerten, den ber\u00fchmten <em>Concerts spirituels<\/em>, durften gar in den ersten Jahren ihres Bestehens keine franz\u00f6sischen Werke aufgef\u00fchrt werden! Hier wurde nun u.a. italienische Musik eingef\u00fchrt, die deutlich ihre Spuren beim Publikumsgeschmack und folglich auch bei den franz\u00f6sischen Komponisten hinterlie\u00df. Mit seinem Werk <em>Les Go\u00fbts r\u00e9unis<\/em> etwa versuchte Couperin 1724 eine Ann\u00e4herung der bisher verfeindeten Stile zu finden. Die hier eingespielte Suite von Caix d\u00b4Hervelois ist deutlich unter diesem italienischen Einfluss entstanden.<\/span><br \/>\n<span style=\"font-family: georgia,palatino,serif; font-size: 12pt;\"> In der bildenden Kunst sehen wir bei Antoine Watteau (1684 &#8211; 1721), wie man sich dem \u2013 freilich idealisierten \u2013 Idyll der l\u00e4ndlichen Szenen verschrieb. Man liebte es, sich im Freien zum gemeinsamen Musizieren zu treffen, viele Darstellungen zeigen Gitarren, Lauten, Musettes (Dudels\u00e4cke), auch Gamben, gespielt von zwanglos gruppierten gut gelaunten Menschen. Diese Sch\u00e4ferszenen, die Liebe zur Natur und zum einfachen Leben findet auch ihren Weg in die Musik, etwa bei Marais im Satz <em>Saillie du Jardin<\/em> (Geistesblitz im Garten) oder bei seiner Vertonung des beliebten Federballspiels in <em>Le Jeu du Volant<\/em>. Ebenso in den Musetten von Caix d\u00b4Hervelois oder in dessen Satz <em>Les Vendengeuses de Montguichet<\/em> \/ Die Weinleserinnen von Montguichet. Auch die T\u00e4ndeleien oder Sp\u00e4\u00dfe (<em>Le petit badinage \/ La Badine<\/em>) kann man sich leicht in einer Watteau-Szene vorstellen&#8230;<\/span><br \/>\n<span style=\"font-family: georgia,palatino,serif; font-size: 12pt;\"> Holger Faust-Peters.<\/span><\/p>\n<p>&nbsp;<\/p>\n<p><span style=\"font-family: georgia,palatino,serif; font-size: 12pt;\">Die CD kann zum Preis von 18 \u20ac (incl. Versand) direkt \u00fcber <a href=\"mailto:kontakt@faust-peters.de\">kontakt@faust-peters.de<\/a> bestellt werden.<\/span><\/p>\n<p><span style=\"font-family: georgia,palatino,serif; font-size: 12pt;\">Ars Produktion<\/span><br \/>\n<span style=\"font-family: georgia,palatino,serif; font-size: 12pt;\"> ARS 38 516 <\/span><br \/>\n<span style=\"font-family: georgia,palatino,serif; font-size: 12pt;\"> EAN 4260052385166<\/span><br \/>\n<span style=\"font-family: georgia,palatino,serif; font-size: 12pt;\"> Aufnahme: 27.-30.6.11<\/span><br \/>\n<span style=\"font-family: georgia,palatino,serif; font-size: 12pt;\"> Release: 01\/2012<\/span><br \/>\n<span style=\"font-family: georgia,palatino,serif; font-size: 12pt;\"> Dauer: 76:02<\/span><\/p>\n<p>&nbsp;<\/p>\n<p>&nbsp;<\/p>\n<p><span style=\"font-family: georgia,palatino,serif; font-size: 12pt;\"><a href=\"http:\/\/www.ars-produktion.de\/Avec_Privilege_du_Roy_Franz_sische_Kammermusik_f_r_Viola_da_gamba_und_Cembalo\/topic\/Suchergebnis\/shop_art_id\/359\/tpl\/shop_article_detail\">http:\/\/www.ars-produktion.de\/Avec_Privilege_du_Roy_Franz_sische_Kammermusik_f_r_Viola_da_gamba_und_Cembalo\/topic\/Suchergebnis\/shop_art_id\/359\/tpl\/shop_article_detail<\/a><\/span><\/p>\n","protected":false},"excerpt":{"rendered":"<p>Marin Marais (1656-1728) Pieces de Viole, 5e livre, 1725 1 Prelude 2 l\u00b4Allemande Poisat 2.49 3 Sarabande 4 Le petit badinage 5 Gigue la pointilleuse 6 Saillie du Jardin 7 Le Jeu du Volant 8 Chaconne Louis Heudelinne (Lebensdaten unbekannt) Trois Suites de pieces a deux violles &#8230;, livre premier, 1701 Seconde Suite pour le &hellip; <a href=\"https:\/\/faust-peters.de\/?page_id=246\" class=\"more-link\"><span class=\"screen-reader-text\">Avec Privilege du roy<\/span> weiterlesen<\/a><\/p>\n","protected":false},"author":1,"featured_media":0,"parent":0,"menu_order":0,"comment_status":"closed","ping_status":"closed","template":"","meta":[],"_links":{"self":[{"href":"https:\/\/faust-peters.de\/index.php?rest_route=\/wp\/v2\/pages\/246"}],"collection":[{"href":"https:\/\/faust-peters.de\/index.php?rest_route=\/wp\/v2\/pages"}],"about":[{"href":"https:\/\/faust-peters.de\/index.php?rest_route=\/wp\/v2\/types\/page"}],"author":[{"embeddable":true,"href":"https:\/\/faust-peters.de\/index.php?rest_route=\/wp\/v2\/users\/1"}],"replies":[{"embeddable":true,"href":"https:\/\/faust-peters.de\/index.php?rest_route=%2Fwp%2Fv2%2Fcomments&post=246"}],"version-history":[{"count":2,"href":"https:\/\/faust-peters.de\/index.php?rest_route=\/wp\/v2\/pages\/246\/revisions"}],"predecessor-version":[{"id":249,"href":"https:\/\/faust-peters.de\/index.php?rest_route=\/wp\/v2\/pages\/246\/revisions\/249"}],"wp:attachment":[{"href":"https:\/\/faust-peters.de\/index.php?rest_route=%2Fwp%2Fv2%2Fmedia&parent=246"}],"curies":[{"name":"wp","href":"https:\/\/api.w.org\/{rel}","templated":true}]}}