{"id":242,"date":"2017-11-22T16:03:28","date_gmt":"2017-11-22T16:03:28","guid":{"rendered":"http:\/\/faust-peters.de\/?page_id=242"},"modified":"2017-11-22T16:03:28","modified_gmt":"2017-11-22T16:03:28","slug":"anno-1698-info","status":"publish","type":"page","link":"https:\/\/faust-peters.de\/?page_id=242","title":{"rendered":"Anno 1698 Info"},"content":{"rendered":"<p><span style=\"font-size: 18pt; font-family: georgia,palatino,serif;\">Anno 1698<\/span><\/p>\n<p><span style=\"font-family: georgia,palatino,serif;\">Godfrey Finger (1660-1730)<\/span><br \/>\n<span style=\"font-family: georgia,palatino,serif;\"> Sonate A-Dur, ca.1687<\/span><\/p>\n<p><span style=\"font-family: georgia,palatino,serif;\">Augusto K\u00fchnel (1645-ca.1700)<\/span><br \/>\n<span style=\"font-family: georgia,palatino,serif;\"> Sonate o Partite ad una o due Viole da Gamba<\/span><br \/>\n<span style=\"font-family: georgia,palatino,serif;\"> con il Basso Continuo, Kassel 1698<\/span><br \/>\n<span style=\"font-family: georgia,palatino,serif;\"> Suite XIII a-Moll<\/span><\/p>\n<p><span style=\"font-family: georgia,palatino,serif;\">Georg Muffat (ca.1653-1704)<\/span><br \/>\n<span style=\"font-family: georgia,palatino,serif;\"> Apparatus musico-organisticus, Salzburg 1690<\/span><\/p>\n<p><span style=\"font-family: georgia,palatino,serif;\">Joan Schenk (1660-ca.1712)<\/span><br \/>\n<span style=\"font-family: georgia,palatino,serif;\"> Tyd en Konst-Oeffeningen, Amsterdam 1688<\/span><br \/>\n<span style=\"font-family: georgia,palatino,serif;\"> Sonata X C-Dur<\/span><\/p>\n<p><span style=\"font-family: georgia,palatino,serif;\">Conrad H\u00f6ffler (ca.1647-ca.1705)<\/span><br \/>\n<span style=\"font-family: georgia,palatino,serif;\"> Primitiae Chelicae, N\u00fcrnberg 1695<\/span><br \/>\n<span style=\"font-family: georgia,palatino,serif;\"> Sonate V d-Moll<\/span><\/p>\n<p><span style=\"font-family: georgia,palatino,serif;\">Dietrich Buxtehude (1637-1707)<\/span><br \/>\n<span style=\"font-family: georgia,palatino,serif;\"> Sonate D-Dur, BuxWV 268<\/span><\/p>\n<p>&nbsp;<\/p>\n<p><span style=\"font-family: georgia,palatino,serif;\">Focus Baroque:<\/span><br \/>\n<span style=\"font-family: georgia,palatino,serif;\"> Holger Faust-Peters, Viola da gamba<\/span><br \/>\n<span style=\"font-family: georgia,palatino,serif;\"> Ir\u00e9n Lill, Cembalo<\/span><\/p>\n<p><span style=\"font-family: georgia,palatino,serif;\">Viola da gamba von Christian Brosse, 1998 nach Barak Norman (1698)<\/span><br \/>\n<span style=\"font-family: georgia,palatino,serif;\"> Cembalo von Rainer Sch\u00fctze, 1971 Heidelberg nach Ruckers<\/span><\/p>\n<p>&nbsp;<\/p>\n<p><span style=\"font-family: georgia,palatino,serif;\">F\u00fcnf Werke f\u00fcr Viola da gamba und Basso Continuo sowie eine Toccata f\u00fcr Cembalo solo \u2013 alle aus der Feder deutscher Komponisten oder solchen, die wesentliche Abschnitte ihres Lebens im deutschsprachigen Raum verbrachten \u2013 und doch eine stilistische Vielfalt, die \u00fcberrascht. Und das umso mehr, da alle Werke innerhalb einer einzigen Dekade, n\u00e4mlich zwischen 1687 und 1698 erschienen sind. Die Besch\u00e4ftigung mit dieser Musik erscheint zun\u00e4chst wie eine Reise durch die europ\u00e4ischen Stile, insbesondere nat\u00fcrlich durch die beiden vorherrschenden Vertreter Italien und Frankreich. Auch englische Einfl\u00fcsse sind h\u00f6rbar. Und tats\u00e4chlich gab es in dieser Zeit einen regen Austausch der verschiedenen Geschm\u00e4cker; nahezu alle der hier gespielten Komponisten unternahmen ausgedehnte Reisen ins Ausland und lie\u00dfen sich inspirieren von Vorbildern wie etwa Arcangelo Corelli oder Jean-Baptiste Lully. Dennoch aber klingt keines der Werke wirklich ganz und gar franz\u00f6sisch oder italienisch; im letzteren Fall ist dies nicht so verwunderlich, da die Gambe in Italien kurz vor 1700 schon keine bedeutende Rolle mehr spielte und die Gambisten die Ideen der Violinmusik f\u00fcr ihr Instrument neu umsetzen mussten. Aber auch die franz\u00f6sische Gambenmusik etwa von Marin Marais hat einen deutlich anderen Charakter als die hier gespielte, feiner in ihren Verzierungen und dunkler im Affekt. Zumindest in der formalen Anlage sind jedoch zwei der Kompositionen eindeutig franz\u00f6sisch inspiriert. Das hier eingespielte Repertoire verf\u00fcgt \u00fcber einige Elemente, die wir vielleicht doch als typisch deutsch einstufen d\u00fcrfen: Da w\u00e4re zun\u00e4chst der Tonumfang der Viola da gamba, in Frankreich gerade durch eine tiefe siebente Saite nach unten erweitert. In Deutschland setzt sich diese 7. Saite nicht durch, lediglich in Johann Sebastian Bachs Werk wird sie an wenigen Stellen gefordert und in einigen der ganz sp\u00e4ten Werke etwa von Johann Gottlieb Graun, die aber erst ein gutes halbes Jahrhundert sp\u00e4ter entstanden. Hier aber entdecken wir im Gegenteil die verbreitete Ausweitung des Klangraumes in die ganz hohen Lagen, ein Tonumfang von 3\u00bd Oktaven stellt um 1700 f\u00fcr deutsche Gambisten offenbar kein technisches Problem dar. Auch die h\u00e4ufige Verwendung von Doppelgriffen und Akkorden, die im Vergleich zur franz\u00f6sischen Gambenliteratur noch verbreiteter ist, zeigt, dass die Gambe in Deutschland ein virtuos gespieltes Instrument war, v\u00f6llig gleichberechtigt neben der Violine. Auch die geschwinden L\u00e4ufe geben Zeugnis von Gambenvirtuosen, die keine technischen Herausforderungen scheuten. Zwei der eingespielten Werke schlie\u00dflich sind im \u201eStylus Phantasticus\u201c komponiert. Dieser bezieht sich in seiner freien Kompositionsform einerseits auf die niederl\u00e4ndische Schule etwa von Jan Pieterszoon Sweelinck mit seiner Phantasia Chromatica, andererseits auf die Toccaten von Girolamo Frescobaldi; im norddeutschen Raum wird er insbesondere von Dietrich Buxtehude in seinem Orgelwerk zu einem ebenfalls typisch deutschen Stil fortentwickelt.<\/span><br \/>\n<span style=\"font-family: georgia,palatino,serif;\"> (Holger Faust-Peters)<\/span><\/p>\n<p>&nbsp;<\/p>\n<p><span style=\"font-family: georgia,palatino,serif;\">Die CD kann zum Preis von 18 \u20ac (incl. Versand) direkt \u00fcber <a href=\"mailto:kontakt@faust-peters.de\">kontakt@faust-peters.de<\/a> bestellt werden.<\/span><\/p>\n<p><span style=\"font-family: georgia,palatino,serif;\">Ars Produktion<\/span><br \/>\n<span style=\"font-family: georgia,palatino,serif;\"> ARS 38 490<\/span><br \/>\n<span style=\"font-family: georgia,palatino,serif;\"> EAN 4260052384909<\/span><br \/>\n<span style=\"font-family: georgia,palatino,serif;\"> Aufnahme: 13.-15.05.2008<\/span><br \/>\n<span style=\"font-family: georgia,palatino,serif;\"> Release: 01.02.2010<\/span><br \/>\n<span style=\"font-family: georgia,palatino,serif;\"> Dauer: 60:00<\/span><\/p>\n<p>&nbsp;<\/p>\n<p><a href=\"http:\/\/www.ars-produktion.de\/Anno+1698\/topic\/CDs\/shop_art_id\/288\/tpl\/shop_article_detail\"><span style=\"font-family: georgia,palatino,serif;\">http:\/\/www.ars-produktion.de\/Anno+1698\/topic\/CDs\/shop_art_id\/288\/tpl\/shop_article_detail<\/span><\/a><\/p>\n","protected":false},"excerpt":{"rendered":"<p>Anno 1698 Godfrey Finger (1660-1730) Sonate A-Dur, ca.1687 Augusto K\u00fchnel (1645-ca.1700) Sonate o Partite ad una o due Viole da Gamba con il Basso Continuo, Kassel 1698 Suite XIII a-Moll Georg Muffat (ca.1653-1704) Apparatus musico-organisticus, Salzburg 1690 Joan Schenk (1660-ca.1712) Tyd en Konst-Oeffeningen, Amsterdam 1688 Sonata X C-Dur Conrad H\u00f6ffler (ca.1647-ca.1705) Primitiae Chelicae, N\u00fcrnberg 1695 &hellip; <a href=\"https:\/\/faust-peters.de\/?page_id=242\" class=\"more-link\"><span class=\"screen-reader-text\">Anno 1698 Info<\/span> weiterlesen<\/a><\/p>\n","protected":false},"author":1,"featured_media":0,"parent":0,"menu_order":0,"comment_status":"closed","ping_status":"closed","template":"","meta":[],"_links":{"self":[{"href":"https:\/\/faust-peters.de\/index.php?rest_route=\/wp\/v2\/pages\/242"}],"collection":[{"href":"https:\/\/faust-peters.de\/index.php?rest_route=\/wp\/v2\/pages"}],"about":[{"href":"https:\/\/faust-peters.de\/index.php?rest_route=\/wp\/v2\/types\/page"}],"author":[{"embeddable":true,"href":"https:\/\/faust-peters.de\/index.php?rest_route=\/wp\/v2\/users\/1"}],"replies":[{"embeddable":true,"href":"https:\/\/faust-peters.de\/index.php?rest_route=%2Fwp%2Fv2%2Fcomments&post=242"}],"version-history":[{"count":1,"href":"https:\/\/faust-peters.de\/index.php?rest_route=\/wp\/v2\/pages\/242\/revisions"}],"predecessor-version":[{"id":243,"href":"https:\/\/faust-peters.de\/index.php?rest_route=\/wp\/v2\/pages\/242\/revisions\/243"}],"wp:attachment":[{"href":"https:\/\/faust-peters.de\/index.php?rest_route=%2Fwp%2Fv2%2Fmedia&parent=242"}],"curies":[{"name":"wp","href":"https:\/\/api.w.org\/{rel}","templated":true}]}}

<p><span style="font-size: 18pt; font-family: georgia,palatino,serif;">Anno 1698</span></p>
<p><span style="font-family: georgia,palatino,serif;">Godfrey Finger (1660-1730)</span><br />
<span style="font-family: georgia,palatino,serif;"> Sonate A-Dur, ca.1687</span></p>
<p><span style="font-family: georgia,palatino,serif;">Augusto Kühnel (1645-ca.1700)</span><br />
<span style="font-family: georgia,palatino,serif;"> Sonate o Partite ad una o due Viole da Gamba</span><br />
<span style="font-family: georgia,palatino,serif;"> con il Basso Continuo, Kassel 1698</span><br />
<span style="font-family: georgia,palatino,serif;"> Suite XIII a-Moll</span></p>
<p><span style="font-family: georgia,palatino,serif;">Georg Muffat (ca.1653-1704)</span><br />
<span style="font-family: georgia,palatino,serif;"> Apparatus musico-organisticus, Salzburg 1690</span></p>
<p><span style="font-family: georgia,palatino,serif;">Joan Schenk (1660-ca.1712)</span><br />
<span style="font-family: georgia,palatino,serif;"> Tyd en Konst-Oeffeningen, Amsterdam 1688</span><br />
<span style="font-family: georgia,palatino,serif;"> Sonata X C-Dur</span></p>
<p><span style="font-family: georgia,palatino,serif;">Conrad Höffler (ca.1647-ca.1705)</span><br />
<span style="font-family: georgia,palatino,serif;"> Primitiae Chelicae, Nürnberg 1695</span><br />
<span style="font-family: georgia,palatino,serif;"> Sonate V d-Moll</span></p>
<p><span style="font-family: georgia,palatino,serif;">Dietrich Buxtehude (1637-1707)</span><br />
<span style="font-family: georgia,palatino,serif;"> Sonate D-Dur, BuxWV 268</span></p>
<p>&nbsp;</p>
<p><span style="font-family: georgia,palatino,serif;">Focus Baroque:</span><br />
<span style="font-family: georgia,palatino,serif;"> Holger Faust-Peters, Viola da gamba</span><br />
<span style="font-family: georgia,palatino,serif;"> Irén Lill, Cembalo</span></p>
<p><span style="font-family: georgia,palatino,serif;">Viola da gamba von Christian Brosse, 1998 nach Barak Norman (1698)</span><br />
<span style="font-family: georgia,palatino,serif;"> Cembalo von Rainer Schütze, 1971 Heidelberg nach Ruckers</span></p>
<p>&nbsp;</p>
<p><span style="font-family: georgia,palatino,serif;">Fünf Werke für Viola da gamba und Basso Continuo sowie eine Toccata für Cembalo solo – alle aus der Feder deutscher Komponisten oder solchen, die wesentliche Abschnitte ihres Lebens im deutschsprachigen Raum verbrachten – und doch eine stilistische Vielfalt, die überrascht. Und das umso mehr, da alle Werke innerhalb einer einzigen Dekade, nämlich zwischen 1687 und 1698 erschienen sind. Die Beschäftigung mit dieser Musik erscheint zunächst wie eine Reise durch die europäischen Stile, insbesondere natürlich durch die beiden vorherrschenden Vertreter Italien und Frankreich. Auch englische Einflüsse sind hörbar. Und tatsächlich gab es in dieser Zeit einen regen Austausch der verschiedenen Geschmäcker; nahezu alle der hier gespielten Komponisten unternahmen ausgedehnte Reisen ins Ausland und ließen sich inspirieren von Vorbildern wie etwa Arcangelo Corelli oder Jean-Baptiste Lully. Dennoch aber klingt keines der Werke wirklich ganz und gar französisch oder italienisch; im letzteren Fall ist dies nicht so verwunderlich, da die Gambe in Italien kurz vor 1700 schon keine bedeutende Rolle mehr spielte und die Gambisten die Ideen der Violinmusik für ihr Instrument neu umsetzen mussten. Aber auch die französische Gambenmusik etwa von Marin Marais hat einen deutlich anderen Charakter als die hier gespielte, feiner in ihren Verzierungen und dunkler im Affekt. Zumindest in der formalen Anlage sind jedoch zwei der Kompositionen eindeutig französisch inspiriert. Das hier eingespielte Repertoire verfügt über einige Elemente, die wir vielleicht doch als typisch deutsch einstufen dürfen: Da wäre zunächst der Tonumfang der Viola da gamba, in Frankreich gerade durch eine tiefe siebente Saite nach unten erweitert. In Deutschland setzt sich diese 7. Saite nicht durch, lediglich in Johann Sebastian Bachs Werk wird sie an wenigen Stellen gefordert und in einigen der ganz späten Werke etwa von Johann Gottlieb Graun, die aber erst ein gutes halbes Jahrhundert später entstanden. Hier aber entdecken wir im Gegenteil die verbreitete Ausweitung des Klangraumes in die ganz hohen Lagen, ein Tonumfang von 3½ Oktaven stellt um 1700 für deutsche Gambisten offenbar kein technisches Problem dar. Auch die häufige Verwendung von Doppelgriffen und Akkorden, die im Vergleich zur französischen Gambenliteratur noch verbreiteter ist, zeigt, dass die Gambe in Deutschland ein virtuos gespieltes Instrument war, völlig gleichberechtigt neben der Violine. Auch die geschwinden Läufe geben Zeugnis von Gambenvirtuosen, die keine technischen Herausforderungen scheuten. Zwei der eingespielten Werke schließlich sind im „Stylus Phantasticus“ komponiert. Dieser bezieht sich in seiner freien Kompositionsform einerseits auf die niederländische Schule etwa von Jan Pieterszoon Sweelinck mit seiner Phantasia Chromatica, andererseits auf die Toccaten von Girolamo Frescobaldi; im norddeutschen Raum wird er insbesondere von Dietrich Buxtehude in seinem Orgelwerk zu einem ebenfalls typisch deutschen Stil fortentwickelt.</span><br />
<span style="font-family: georgia,palatino,serif;"> (Holger Faust-Peters)</span></p>
<p>&nbsp;</p>
<p><span style="font-family: georgia,palatino,serif;">Die CD kann zum Preis von 18 € (incl. Versand) direkt über <a href="mailto:kontakt@faust-peters.de">kontakt@faust-peters.de</a> bestellt werden.</span></p>
<p><span style="font-family: georgia,palatino,serif;">Ars Produktion</span><br />
<span style="font-family: georgia,palatino,serif;"> ARS 38 490</span><br />
<span style="font-family: georgia,palatino,serif;"> EAN 4260052384909</span><br />
<span style="font-family: georgia,palatino,serif;"> Aufnahme: 13.-15.05.2008</span><br />
<span style="font-family: georgia,palatino,serif;"> Release: 01.02.2010</span><br />
<span style="font-family: georgia,palatino,serif;"> Dauer: 60:00</span></p>
<p>&nbsp;</p>
<p><a href="http://www.ars-produktion.de/Anno+1698/topic/CDs/shop_art_id/288/tpl/shop_article_detail"><span style="font-family: georgia,palatino,serif;">http://www.ars-produktion.de/Anno+1698/topic/CDs/shop_art_id/288/tpl/shop_article_detail</span></a></p>

<p>Anno 1698 Godfrey Finger (1660-1730) Sonate A-Dur, ca.1687 Augusto Kühnel (1645-ca.1700) Sonate o Partite ad una o due Viole da Gamba con il Basso Continuo, Kassel 1698 Suite XIII a-Moll Georg Muffat (ca.1653-1704) Apparatus musico-organisticus, Salzburg 1690 Joan Schenk (1660-ca.1712) Tyd en Konst-Oeffeningen, Amsterdam 1688 Sonata X C-Dur Conrad Höffler (ca.1647-ca.1705) Primitiae Chelicae, Nürnberg 1695 &hellip; <a href="https://faust-peters.de/?page_id=242" class="more-link"><span class="screen-reader-text">Anno 1698 Info</span> weiterlesen</a></p>
